Let o(k) be the third derivative of -k**6/360 - k**5/60 + 2*k**3/3 - 12*k**2. Let u(w) be the first derivative of o(w). Give u(-4).
-8
Let n be -2*(-7)/21*9. Let k(g) = g**3 - 7*g**2 + 3*g + 6. Give k(n).
-12
Let y = 216 - 226. Let q(n) = n**2 + 8*n - 17. Give q(y).
3
Let o(m) = -m**2 - 3*m + 1. Let g(y) = -4*y**2 + 4*y - 9. Let h(z) = -g(z) + 3*o(z). Calculate h(12).
0
Let j(o) = o**2 + o - 1. Let s(y) = 13*y**3 + 3. Let a(q) = -2*j(q) - s(q). Let g be (-2 + 1)*(-4 + (-30)/(-6)). Give a(g).
12
Let r(k) = k + 2. Let c = 15 - 15. Let s be r(c). Suppose -s*g + 22 = 8. Let a(j) = j**3 - 8*j**2 + 5*j + 2. Calculate a(g).
-12
Let z(r) = -36*r + 189. Let m(h) = 7*h - 37. Let o(a) = 21*m(a) + 4*z(a). Determine o(7).
0
Let c(g) = -g**2 + 4 + 8 - 95*g + 92*g. Calculate c(-5).
2
Let z(t) = t**2 - 5*t - 13. Let r = 1175 + -1168. Calculate z(r).
1
Let b(f) = f**2 - f - 2. Suppose -3*j + j = -w - 6, -w = j + 3. Let z(p) = p**2 - 5*p + 5. Let o be z(4). Let x = o - j. Calculate b(x).
-2
Let h(w) be the second derivative of w**3/6 - w**2 + 3*w + 10. Calculate h(-4).
-6
Let c(h) = h**3 - 17*h**2 - h + 18. Let m be c(17). Let w(t) = -13*t**2 + 4*t. Let l(o) = 13*o**2 - 3*o. Let p(f) = 5*l(f) + 4*w(f). Calculate p(m).
14
Let h(f) = f - 5. Let u(n) = 17 - 4*n - 16 - 25. Let y be u(-6). What is h(y)?
-5
Let n(a) = -24*a**2 + 5 - a**3 + 20*a**2 + 0*a**2 - 2 - a. Determine n(-3).
-3
Let b(u) = 2*u + u**2 - 27*u**3 - 2 + 77*u**3 + u - 27*u**3 - 24*u**3. Calculate b(3).
-11
Let a(q) be the third derivative of -1/12*q**4 - 1/120*q**6 + 1/3*q**3 - 4*q**2 + 1/12*q**5 + 0*q + 0. Calculate a(2).
10
Suppose -4*c - 5*m - 2 - 4 = 0, -8 = 4*c + 4*m. Let d(b) = 5*b**2 - 4*b + 11. Let a(x) = -x**2 - 1. Let z(y) = -6*a(y) - d(y). What is z(c)?
-5
Suppose 2*r = -3*r + 20. Let x(j) = -j + 1. Let m be x(-5). Let k(s) = -4*s - m + r*s - 3*s. Determine k(-5).
9
Let z(m) = 13*m**3 + m + 1. Suppose 4*b - 3*b = 5. Let r be (-50)/20*(-8)/b. Suppose -r*j - 8 = -q - 3, 2*j = -5*q + 3. Calculate z(j).
-13
Let d(c) = 4 - 2*c - 5 - 18 + 1. Give d(-12).
6
Let k be 4/18 - (-25)/9. Suppose v + 0*v - 328 = -k*u, -3*v - 237 = -2*u. Let g(w) = u - 2*w + 6*w - 109. Give g(-2).
-6
Suppose f - 4*n + 8*n = 22, 5*n = 5*f + 15. Let j(u) = 5*u**2 + 3*u + 2. Let x(c) = c**2 + c. Let t(o) = -j(o) + 3*x(o). Give t(f).
-10
Let n = 27 + -25. Let l be (30/(-25))/(n/(-5)). Let x(c) = -3 + c + 1 + l - 4*c. Determine x(-3).
10
Let y(i) be the first derivative of -i**4/4 - i**3/3 + 4*i**2 - 4*i - 14. Let h(q) = -q**3 + 7*q - 4. Let s(n) = -4*h(n) + 3*y(n). Give s(3).
-8
Let u(i) be the first derivative of -i**2 + 19*i + 621. Determine u(15).
-11
Let q(y) = -y**3 - y**2 + 2*y - 3. Let i = 62 - 44. Let z be (45/2)/(-5)*12/i. Determine q(z).
9
Let m = 87 - 75. Let d be (7 - 102/m)*(-8)/6. Let z(s) = -4*s + 3. Give z(d).
-5
Let r(n) be the first derivative of -3*n**2/2 - 3*n - 99. What is r(3)?
-12
Let j(w) be the third derivative of w**5/60 + 5*w**4/24 + 2*w**3 - 20*w**2 + 2*w. What is j(-8)?
36
Let x(i) = -14*i**2 - i + 6. Let p(v) = 44 - 22 + 29*v**2 - 35 + 2*v. Let c(k) = 6*p(k) + 13*x(k). Give c(1).
-9
Suppose 10 = -5*u + 20. Let p be ((-5)/u + 3)*0. Let j(f) = 11*f - 24. Let n(b) = 5*b - 12. Let x(v) = -4*j(v) + 9*n(v). What is x(p)?
-12
Let w(f) = -5*f**2 + 3*f - 19. Let j(c) = -c**2 + c - 5. Suppose -3*p + 5*k + 12 = 0, 3*k = -5*p + 2*k + 48. Let n(b) = p*j(b) - 2*w(b). What is n(-5)?
3
Suppose -2*c - 11*c = -78. Let k(h) = 4*h - c*h**2 + 63*h**3 - 62*h**3 - 8 - h - h. What is k(6)?
4
Let v be (4/(-16))/((-21)/(-112))*3. Let q(z) be the second derivative of z**3/3 + 3*z**2/2 - z. Give q(v).
-5
Let m(l) = -10*l**2. Let t be (15/(-10))/(1/10). Let z = -14 - t. Give m(z).
-10
Let b(y) = y**3 - y**2 + y + 1. Let k = 882 - 879. Calculate b(k).
22
Let u be (3 + -1)*20/8. Let l(w) = -2 - u*w**3 + 5*w**2 + w**3 - 5*w + 5*w**3. What is l(-6)?
-8
Suppose -5*j + 3*u = -34, -j - 3*u + 8*u + 20 = 0. Suppose j*o = 2*o + 12. Let z(i) = i**3 - 5*i**2 + 4*i. What is z(o)?
0
Let x be (1 - 1 - 0) + 2. Let z(k) = 11*k - 3 + 14*k**2 - 11*k + x. What is z(1)?
13
Suppose -t - p + 7 = 0, 7*t - 5*p + 5 = 2*t. Let z(f) = -f**3 + 2*f + 2*f**2 + 1 + f + 1 - 2*f. What is z(t)?
-4
Suppose -22 = c - 21. Let q(z) = -4*z**2 - z. Calculate q(c).
-3
Let w(o) = o + 6. Let y(s) = -s + 2. Let g(i) = 2*w(i) - 5*y(i). What is g(-6)?
-40
Let k(o) = 12*o + 2. Let t = -50 - -48. What is k(t)?
-22
Let j(z) = -2*z - 7. Let t be j(-5). Let a(m) = 10*m - 10. Let n be a(3). Suppose -5*x = -t*q - 18, 5*q + 0*q = n. Let r(k) = -k**2 + 8*k - 9. Determine r(x).
3
Let f(b) = -b - 11. Let l be 6/((-5)/((-5)/(-2))). Let o = 13 + l. Suppose -u - u - o = 0. Determine f(u).
-6
Suppose -12*r = -37 + 1. Let b(n) = 49 - 102 + 54 - r*n. Calculate b(-1).
4
Let v(q) = q**2 - 4*q + 3. Let n(b) = -b**2 + 3*b - 3. Suppose 3 = -4*d + 11. Let f(c) = d*v(c) + 3*n(c). Calculate f(-3).
-15
Let b = -96 + 89. Let u(d) = d**2 + 6*d - 2. Let o(q) = 4*q**2 + 23*q - 8. Let s(t) = -2*o(t) + 9*u(t). Let h(y) be the first derivative of s(y). Give h(b).
-6
Let t(f) = -5*f - 11. Let z be t(-4). Let n(g) = 4*g - 5 - z - g + 15 + g**2. What is n(-2)?
-1
Let g(j) be the second derivative of -j**4/6 - 2*j**3/3 - 2*j**2 - 54*j. Calculate g(-3).
-10
Suppose 0 = -2*u - 3*b - 7, u - 2*b + 8 = 1. Let f(v) = -4*v - 4. Calculate f(u).
16
Let n(i) = i**3 - 7*i**2 + 3*i - 16. Let d be n(7). Let c(m) = 8*m**2 - 2 - 9*m**3 - d*m**2 - m + 10*m**3. Suppose 1 = -3*a - 5. Determine c(a).
4
Let j(o) = -o**2 + 14*o - 13. Let i be j(1). Let u(p) be the third derivative of 1/15*p**5 + 0 + 1/24*p**4 + 0*p**3 + i*p + 4*p**2. Calculate u(1).
5
Let b(g) = -2*g - 3. Let u be b(-12). Let d = 27 - u. Let s(p) = 6*p**2 + 6*p - 7. Let x(q) = q**3 + q**2 - 1. Let n(k) = s(k) - x(k). Calculate n(d).
-6
Suppose 0 = -3*p - 8 + 2. Let j(f) be the second derivative of -f**4/6 + f**3/6 - f**2 - 14*f. What is j(p)?
-12
Let s(r) = 10*r**3 + r**2 - 1. Suppose 3*y + 2 = 4*y. Suppose u - 14 = y*t + 30, 72 = -3*t + 3*u. Let i be 3/2*t/(-30). Calculate s(i).
10
Let o(c) be the first derivative of -7*c**5/120 - c**4/24 + 11*c**3 + 13. Let a(p) be the third derivative of o(p). Determine a(-1).
6
Let a = 7 + -13. Let n = a - -12. Let k(x) = -1355 + 1361 - 4*x**3 + 5*x**3 - 6*x**2. What is k(n)?
6
Let o(b) = b + 4 + 3*b**3 - 5*b**3 - 5*b**2 + 3*b**3. Suppose -t = -8 + 7. Let x(n) = 6*n**2 + n - 2. Let i be x(t). Give o(i).
9
Let g(a) = -a**2 + 3*a + 4. Let s be 8 + 33/(-6)*2. Determine g(s).
-14
Let w(j) be the third derivative of -6*j**2 + 1/120*j**6 + 5/6*j**3 - 7/60*j**5 + 0*j + 1/6*j**4 + 5. Give w(5).
-25
Let x(k) = -7*k + 3. Suppose 10 = -5*g + 7*g, 0 = -h + 3*g - 11. What is x(h)?
-25
Let m(x) = -3 - 2*x**2 + 17*x - 6*x - 6*x - 9*x + 4*x**2. What is m(-3)?
27
Let w = -16 + 19. Let f(y) = 4*y**2 - 3*y**2 - 1 + 0*y**3 - 4*y**w + y. What is f(1)?
-3
Let q(y) = 1 - 8*y + 3*y - 10897*y**2 + 10895*y**2. Suppose -22 = 3*t - 5*l, -5*t + t - l - 14 = 0. Calculate q(t).
-11
Suppose 4*n - 6 = 4*l - 18, 3*l = n + 11. Suppose -5*g - 45 = 2*o, l*g = g - o - 26. Let t(y) = -2*y + 4. What is t(g)?
18
Let d = -6 - -8. Suppose 5*o = -d + 7. Let r(y) = -14*y**2 - y + 1. Give r(o).
-14
Let k(i) be the third derivative of i**6/120 - i**5/60 - i**4/24 - 13*i**3/6 + 91*i**2. Let j(s) = -s**2 - 3*s - 1. Let v be j(-1). Let g = -1 + v. Give k(g).
-13
Let h(m) = 3*m**3 + 2*m**3 + 2*m**2 - 3*m**2 + 0*m**3 + 1. Let c(r) = 2*r**3 - 8*r**2 - 1. Let x be c(4). Determine h(x).
-5
Suppose -3*l = 4*i + 20, -l - 5 = 2*i + 5. Let b be i*(-6)/1*(-2)/12. Let w(r) = r**2 + 4*r - 3. What is w(b)?
2
Suppose 0 = -7*o + 59 + 46. Let g(i) = 2 + 0 + 5*i - o - 4*i. What is g(9)?
-4
Suppose 4*y + 147 = -105. Let l = -65 - y. Let p(k) = 2 - k + k - k + 3*k. Determine p(l).
-2
Let b(m) = m**3 + 4*m**2 + m - 4. Let w be b(-3). Let f be (-3)/30*5*-34. Suppose -3*o - w = -f. Let v(x) = x**2 - 5*x + 1. Give v(o).
1
Let p(y) = -11 - 7*y - 19 + 68 + 20*y**2. Let a(z) = -7*z**2 + 6*z - 9. Let x(g) = -g - 1. Let f(s) = -a(s) - 4*x(s). Let u(b) = 17*f(b) - 6*p(b). What is u(6)?
5
Let p(l) = -l**2 + 7*l + 9. Suppose -5*f - 40 = -10*f. Let o be p(f). Let h(u) = -4 - 8*u**2 + 4 + u. Determine h(o).
-7
Let h = 36 + -32. Let s = h + -12. Let m(c) = c**3 + 7*c**2 - 10*c - 3. Give m(s).
13
Let